4163 - 4159. Let f(z) = z**2 + 5*z + 2. Calculate f(g).
38
Let o(g) be the third derivative of 3*g**4/8 - 7*g**3/6 - 11*g**2 + 43*g + 2. What is o(5)?
38
Let x(m) be the second derivative of m**4/12 - 23*m**3/6 + 7*m**2/2 - m + 536. Determine x(23).
7
Let g(f) = f**3 + f**2 - 8*f + 4. Let v(z) = z**3 - 2*z**2 - 7*z + 19. Let n be v(-3). What is g(n)?
-56
Let v(h) be the first derivative of h**2 + 32*h + 3896. Calculate v(-9).
14
Suppose -14 - 12 = 2*t. Let u = 19 + t. Let g(p) be the second derivative of p**5/20 - 5*p**4/12 - 7*p**3/6 + 9*p**2/2 - 102981*p. What is g(u)?
3
Let z(l) = l**2 - 85. Let x(w) = -3*w**2 + 4*w + 523. Let r(b) = x(b) + 6*z(b). Give r(-5).
68
Let w(q) = 2*q**3 + q**2 - q + 2. Let x(o) = o**2 + 16*o + 26. Suppose -6 = -3*g, -m = 32*g - 28*g + 6. Let v be x(m). Calculate w(v).
-8
Let i(d) = 38*d - 264 - 330 + 506. What is i(2)?
-12
Let i(r) = r + 5. Suppose -s + 11 = -3*b, -45*s = -40*s - 2*b - 55. Calculate i(s).
16
Let d(v) be the first derivative of -13*v**3/3 + 3*v**2/2 - v + 81. Let j(x) = -x**2 - 2*x + 1. Let u(r) = d(r) + j(r). Determine u(-1).
-15
Let b = 20244 + -20247. Let d(h) = -36*h - 86. Determine d(b).
22
Suppose 1300 - 1553 = -23*u. Let o(z) = -z**3 + 10*z**2 + 16*z - 33. Determine o(u).
22
Suppose 14 = -3*p + 10*p. Suppose -2*t = 1 + 3, -3*r + t = -p. Let f(w) = 9*w - 10*w + 8 + r*w. Determine f(7).
1
Suppose 5*p - 2*p = 5*v - 34, -5*p - 44 = -2*v. Let m(r) be the second derivative of -r**5/20 - 3*r**4/4 - 7*r**3/6 + 5*r**2 + 20130*r. Give m(p).
2
Let t(a) be the first derivative of 1/2*a**2 - 93 + 3*a. What is t(-4)?
-1
Let r(s) be the third derivative of -11*s**4/24 - 8*s**3/3 + 9330*s**2. Give r(-4).
28
Let f(c) = 7 + 5 - 2*c - 5 - c. Suppose 0 = 5*t - j - 131 + 111, -j = -3*t + 12. Calculate f(t).
-5
Let c(n) = -17270 + 4*n - n**3 - 2*n**2 + 34557 - 17277. Give c(-4).
26
Let h = -251 - -256. Let w be (12/h)/((-78)/(-195)). Let s(d) = -d**3 + 6*d**2 + d - 8. Determine s(w).
-2
Let l(j) = 7*j - 32. Let f be l(3). Let y = 4 + f. Let m(w) = -w**3 - 8*w**2 - 9*w - 7. What is m(y)?
7
Let q be (4/((-16)/(-212)))/1. Let d = q + -51. Let a(h) = -31 - 2*h**d + h**3 - 2*h + 0*h**2 + 30. What is a(3)?
2
Suppose 18*z - 7*z = 2079. Let h = -186 + z. Let q(l) = -2 + 5*l - 2*l + 2*l. Calculate q(h).
13
Let m(o) = -2*o + 1. Let w = 488 + -509. Let u be (-7)/w*(2 - -4). Calculate m(u).
-3
Let k(r) be the second derivative of -r**3/6 + 7*r**2 - 218*r. Let d(l) = -l**2 - 18*l + 26. Let g be d(-19). Give k(g).
7
Let q(z) be the third derivative of z**8/3360 - z**7/1260 - 31*z**4/24 + z**3/6 - 17*z**2. Let i(s) be the second derivative of q(s). Give i(2).
8
Let m be 0/(1 + 11 + -11)*-1*1. Let x(y) = -y**3 - y**2 - 3*y + 28. Determine x(m).
28
Suppose -2*t + 2 + 0 = 2*p, -20 = 5*p. Let b(k) = -21*k - 2. Let f(y) = -12*y - 1. Let s(l) = t*f(l) - 3*b(l). What is s(1)?
4
Let c(r) = 0*r**3 + r + 2 + r**3 + 5*r**2 + r**2. Let s be 15/20 - 0 - 2223/(-12). Suppose 0 = -6*l - 25*l - s. Give c(l).
-4
Let a(d) = 4*d**3 + 206*d**2 - 3*d**3 - 2*d + 2 - d - 205*d**2. What is a(1)?
1
Let n(w) be the second derivative of 1/20*w**5 + 1/2*w**3 + 0 + 2*w**2 - 7/12*w**4 + 48*w. Give n(5).
-31
Let m(f) be the first derivative of -f**4/6 - 5*f**3/6 + f**2 - 70*f + 40. Let t(k) be the first derivative of m(k). Calculate t(-4).
-10
Suppose 3*u - 14 - 1 = 0. Suppose -u*l = 65 - 130. Suppose -6*j - l = 29. Let w(b) = b**3 + 8*b**2 + 7*b + 8. Calculate w(j).
8
Let a(c) = -c**2 - 3*c + 1. Let k be a(-2). Suppose -5*b + 21 = -2*n - 7, k*n = -3*b. Let q(s) = -2*s + 8. Calculate q(b).
0
Let n(t) = t**3 - 9*t**2 + 9*t - 9. Let i(h) = -2 - 12 - h**2 - 64*h + 74*h. Let u be i(14). Let j = -62 - u. What is n(j)?
-1
Let u(a) = 161 + 0*a - 132 + 3*a + 34*a**2 + 2*a - 35*a**2. Give u(12).
-55
Let c(s) = -6*s - 19. Let g(y) = y - 1. Let z(u) = c(u) + 5*g(u). Let q be (-1)/1*(10 - 13 - -1)*-8. Give z(q).
-8
Let q(a) = -4*a**2 - 9*a + 4. Let j(v) be the third derivative of 11*v**5/60 + 9*v**4/8 - 13*v**3/6 + 101*v**2. Let n(i) = -3*j(i) - 8*q(i). Give n(-10).
-3
Let p(u) = u + 0*u + u - 4 + 2. Let l(h) = -2*h**3 + 15*h**2 - 5*h + 290. Let y be l(9). Give p(y).
2
Let f(a) = a**2 + 8*a - 12. Suppose -6*l - 385 = -403. Determine f(l).
21
Suppose 13 + 11 = -6*x. Let j be (2/x)/((-49)/(-14) + -3). Let p(o) = 19*o + 1. Let l(k) = 57*k + 3. Let d(r) = -2*l(r) + 7*p(r). What is d(j)?
-18
Suppose -50 = -2*i - 5*u - 34, 0 = 4*i - u - 10. Let f(b) = -4 - i + 1 - b. Determine f(6).
-12
Let z(r) = r**3 - 3*r**2 - 3*r - 1. Let n(f) = -2*f**3 + 16*f**2 + 9*f + 2. Let t(w) = n(w) + 4*z(w). Determine t(-4).
-54
Let k(j) be the first derivative of 0*j + 1/24*j**4 - 15 + 15/2*j**2 - 1/6*j**3. Let z(r) be the second derivative of k(r). What is z(4)?
3
Let f = -1317 - -1318. Let x(p) = 35*p**3 + 2*p**2 - 2*p + 1. Give x(f).
36
Let g(k) = 2*k + 2. Let j(o) = -36*o**2 + 1656*o + 28. Let r be j(46). Let u = -45 + 71. Let p = u - r. Calculate g(p).
-2
Let i(v) = -3*v**2 + 16*v - 14. Let s(y) = y**2 - 20*y - 76. Let r be s(23). Let z(g) = 2*g**2 - 11*g + 10. Let p(u) = r*z(u) - 5*i(u). Determine p(3).
0
Let a = -16985/2 - -101911/12. Let j(l) be the second derivative of -a*l**4 - 1/2*l**3 + 0 + 0*l**2 - 32*l. What is j(-3)?
0
Let j(b) = 2*b + 4. Let u(l) = -14*l + 1. Let w be u(-5). Let q = -61 + w. Let p = -14 + q. Calculate j(p).
-4
Let w(n) = n**3 + 0*n**2 - 7*n**2 + 3 - 8*n**2 + 14*n**2 - 4*n. Let i be ((-3)/(6/40))/(-2). Let a be 36/i - 21/35. Calculate w(a).
9
Let c(u) = -u**3 - 14*u**2 + 49*u - 39. Let k = 14748 - 14765. Determine c(k).
-5
Suppose 223*r = 220*r - 3. Let d(m) = -63*m + 1. Calculate d(r).
64
Let y(a) = 11838 + 11833 - 8*a - 23677 + a**2. Let q be 3/((-6)/1)*-54. Let s = q + -20. Calculate y(s).
-13
Let n(g) = -47*g + 22*g + 23*g. Let q = 17 + -15. Suppose 4*h - 5*h + 6 = q*r, 3*r = 4*h + 9. What is n(r)?
-6
Let k(j) be the first derivative of -j**4/4 - 10*j**3/3 - 9*j**2/2 - 4*j - 1. Let p be (-1 + 0)/((-4)/(-8) + (-21)/54). Determine k(p).
-4
Let m(b) = -9*b - 14 + 24 - 9. Let f be m(1). Let z(r) = 4*r + r**2 - 7*r + 5*r - 4 - 2*r + 6*r. Calculate z(f).
12
Let k(v) = 1. Let n(j) = -j. Let g(w) = k(w) + 3*n(w). Let o = 152444 - 152456. What is g(o)?
37
Let f = -14 + 13. Let q be (-8)/(-6)*-3 + f. Let t(x) = -4 - 2*x**2 + 55*x**2 - 49*x**2 - 3*x + x**3. Determine t(q).
-14
Let h(m) = 29*m + 188. Let o = -7381 + 7374. Determine h(o).
-15
Suppose 18 + 26 = 22*l. Suppose -s + 16 = 3*s. Let f(o) = 5*o + 3*o**2 + 2 - s*o**l - 2 + 1. What is f(6)?
-5
Let q(c) = -28*c + 1. Suppose 0 = 3*y - 3*p - 12, 0*p - 4 = p. Determine q(y).
1
Let y(t) = -t**3 - 7*t**2 - 6*t - 5. Suppose 165 = -32*g + 37*g. Suppose -2*i = 2*c + 3*i - 78, 117 = 3*c - 4*i. Let q = g - c. Determine y(q).
-5
Let n(l) = 15*l**2 + 9*l + 8. Let o be n(-1). Suppose -37*t = -o*t - 161. Let u(b) = -b**2 + 8*b + 10. What is u(t)?
17
Suppose -b - 3*s - 2*s - 5 = 0, 2*s = -5*b - 2. Let r be (2 - 6/3) + 3. Let z(i) = i**2 + i**2 + i - r*i**2 - 2. What is z(b)?
-2
Let g(u) = -2*u**2 - 4*u**2 - 5*u + 4 + 5*u**2. Let j be 8 + 1653/(-228) + (-54)/8. Determine g(j).
-2
Let s = -2 - -40. Let p = s - 27. Let n(y) be the second derivative of -y**5/20 + 11*y**4/12 + y**3/6 - 13*y**2/2 + 202*y. Determine n(p).
-2
Let s(x) = -x**2 + 5*x - 3. Let t(f) = 78*f**2 + 2*f - 2. Let l be t(1). Let z = l - 71. Suppose 10*o - 15 = z*o. Determine s(o).
-3
Let g(j) = -j - 2. Let t be (2*-302)/2 - 6. Let k = t + 305. What is g(k)?
1
Let m(j) = j**2 + 17*j + 7. Suppose 5*t - 2*b = -b + 2091, -5*b = 5. Let g = t - 434. Give m(g).
-9
Let s(x) = x**3 - 13*x**2 + 16*x + 187. Let h be s(9). Let j(z) = -2*z**2 + 22*z - 52. Give j(h).
4
Let q(x) be the first derivative of 1/3*x**3 + 8*x**2 - 30*x - 303. Give q(-18).
6
Let x(u) = -u**3 + 11*u**2 - 33*u + 17. Let h be x(5). Let w(z) = 2*z**2 - 7*z + 6. Let i(a) = -a**2 + 3*a - 3. Let y(l) = -5*i(l) - 2*w(l). What is y(h)?
5
Suppose 0 = 112*h - 111*h - 5. Let j(r) = 4*r - 24. Determine j(h).
-4
Let w be -2*48/15 + 18/(-30). Let d(q) = -3*q**3 - 31*q**2 - 24*q + 5. Let b(r) = 2*r**3 + 21*r**2 + 16*r - 4. Let n(k) = -7*b(k) - 5*d(k). What is n(w)?
-4
Suppose t + 10*t - 121 = 0. Let y(k) = -11*k**2 + 38*k + 1. Let v(m) = 4*m**2 - 13*m. Let q(r) = 8*v(r) + 3*y(r). What is q(t)?
-8
Let r be (0 + 15)/(-